46808?
True
Does 50 divide 407997?
False
Is 467979 a multiple of 6?
False
Is 98280 a multiple of 104?
True
Is 19 a factor of 585834?
False
Does 30 divide 4299?
False
Is 12 a factor of 5922312?
True
Does 22 divide 290740?
False
Is 336 a factor of 12472320?
True
Does 366 divide 8140686?
False
Is 28680 a multiple of 13?
False
Is 125236 a multiple of 26?
False
Is 67 a factor of 2384440?
False
Is 90 a factor of 219870?
True
Does 7 divide 146839?
True
Does 255 divide 216141?
False
Does 41 divide 633532?
True
Is 788492 a multiple of 135?
False
Is 5 a factor of 600012?
False
Is 69264 a multiple of 111?
True
Does 46 divide 1752554?
True
Does 241 divide 1159933?
True
Is 761020 a multiple of 13?
True
Does 54 divide 562950?
True
Is 17 a factor of 848662?
False
Is 6 a factor of 429880?
False
Does 119 divide 3446835?
True
Is 54635 a multiple of 35?
True
Is 185685 a multiple of 15?
True
Is 35 a factor of 324049?
False
Is 38 a factor of 148276?
True
Does 193 divide 63111?
True
Does 7 divide 198992?
False
Is 152 a factor of 30356832?
True
Does 542 divide 253594?
False
Is 90 a factor of 120330?
True
Is 74816 a multiple of 8?
True
Is 57 a factor of 3690298?
False
Is 12497723 a multiple of 2438?
False
Is 333 a factor of 613719?
True
Does 28 divide 12333188?
True
Is 963118 a multiple of 13?
True
Does 12 divide 255048?
True
Does 4 divide 52346?
False
Is 26 a factor of 44902?
True
Is 30 a factor of 53469?
False
Is 8922 a multiple of 3?
True
Is 195 a factor of 210471?
False
Does 145 divide 758624?
False
Is 437 a factor of 269152?
False
Is 39323 a multiple of 62?
False
Does 6 divide 8681840?
False
Is 11 a factor of 343453?
True
Is 1928 a factor of 9179208?
True
Is 36 a factor of 84384?
True
Does 702 divide 10053342?
True
Is 15738294 a multiple of 429?
True
Does 9 divide 838296?
True
Is 229579 a multiple of 108?
False
Is 16 a factor of 27680?
True
Does 85 divide 1071595?
True
Is 375133 a multiple of 509?
True
Does 67 divide 5885635?
False
Is 364 a factor of 6304099?
False
Does 24 divide 67368?
True
Is 744943 a multiple of 531?
False
Is 117841 a multiple of 26?
False
Is 18 a factor of 485772?
False
Does 1309 divide 33002508?
True
Is 118 a factor of 187856?
True
Is 353343 a multiple of 19?
True
Is 41 a factor of 73929?
False
Is 68331 a multiple of 141?
False
Is 25419888 a multiple of 1468?
True
Is 705631 a multiple of 26?
False
Is 3003202 a multiple of 67?
False
Is 222740 a multiple of 370?
True
Is 1232865 a multiple of 9?
True
Does 63 divide 61614?
True
Is 21 a factor of 793269?
False
Is 2 a factor of 13748?
True
Is 1597 a factor of 3986112?
True
Does 614 divide 1960502?
True
Is 1283315 a multiple of 10?
False
Does 545 divide 8658562?
False
Is 690381 a multiple of 677?
False
Is 68885 a multiple of 62?
False
Is 42 a factor of 38239572?
True
Is 159761 a multiple of 24?
False
Does 336 divide 103783?
False
Is 1419139 a multiple of 171?
False
Is 3877068 a multiple of 4?
True
Does 238 divide 202300?
True
Does 7 divide 163153?
False
Is 8998231 a multiple of 12?
False
Does 15 divide 90075?
True
Does 168 divide 161592?
False
Is 422328 a multiple of 145?
False
Is 2872181 a multiple of 31?
True
Does 306 divide 1303560?
True
Is 5 a factor of 485920?
True
Does 46 divide 17848?
True
Is 1098 a factor of 2303211?
False
Is 7818952 a multiple of 252?
False
Is 3403111 a multiple of 94?
False
Does 10 divide 56454?
False
Is 346 a factor of 4479752?
False
Is 78 a factor of 23736641?
False
Is 70 a factor of 1207640?
True
Does 238 divide 1101464?
True
Does 165 divide 27336301?
False
Is 6 a factor of 877326?
True
Does 171 divide 126198?
True
Does 12 divide 463836?
True
Is 653103 a multiple of 11?
True
Is 6050640 a multiple of 3?
True
Is 2184507 a multiple of 22?
False
Is 297072 a multiple of 272?
False
Is 54 a factor of 104274?
True
Is 2021904 a multiple of 12?
True
Is 5 a factor of 116405?
True
Is 2 a factor of 967157?
False
Does 38 divide 105944?
True
Does 121 divide 906411?
True
Is 900452 a multiple of 103?
False
Does 65 divide 187850?
True
Does 57 divide 339481?
False
Does 9 divide 65826?
True
Does 32 divide 42775?
False
Is 573878 a multiple of 43?
True
Is 222385 a multiple of 17?
False
Is 3099200 a multiple of 13?
True
Does 145 divide 191835?
True
Does 12 divide 265512?
True
Does 174 divide 2008889?
False
Does 15 divide 20340?
True
Does 32 divide 265408?
True
Is 5 a factor of 14344?
False
Does 766 divide 8461896?
False
Does 8 divide 120191?
False
Does 628 divide 2228148?
False
Is 67 a factor of 24335?
False
Is 31 a factor of 98309?
False
Is 345572 a multiple of 11?
False
Does 13 divide 508118?
True
Is 420 a factor of 61155?
False
Is 174 a factor of 279960?
False
Does 32 divide 216928?
True
Is 68 a factor of 204321?
False
Is 268 a factor of 193228?
True
Is 1101069 a multiple of 411?
True
Is 29993 a multiple of 5?
False
Is 121 a factor of 919213?
False
Is 507215 even?
False
Is 783 a factor of 6188832?
True
Does 814 divide 9866050?
False
Is 97 a factor of 2541885?
True
Is 33 a factor of 5284026?
True
Does 3 divide 34824?
True
Is 117 a factor of 559962?
True
Is 59943 a multiple of 53?
True
Does 8 divide 7496152?
True
Is 245385 a multiple of 29?
False
Is 9 a factor of 3976029?
True
Is 3342025 a multiple of 296?
False
Is 13 a factor of 415766?
True
Is 68 a factor of 92276?
True
Is 144177 a multiple of 27?
False
Is 14 a factor of 988742?
False
Is 42135 a multiple of 159?
True
Is 22 a factor of 790416?
True
Is 13 a factor of 35464?
True
Is 6 a factor of 1037345?
False
Does 21 divide 6277?
False
Is 10 a factor of 1015210?
True
Is 29 a factor of 641857?
True
Does 6 divide 1840462?
False
Is 407547 a multiple of 9?
True
Does 6 divide 1140?
True
Does 86 divide 140610?
True
Is 196 a factor of 1557024?
True
Is 611 a factor of 10419383?
True
Is 184 a factor of 2471672?
True
Does 218 divide 956802?
True
Is 40 a factor of 297103?
False
Does 8 divide 53071?
False
Is 119416 a multiple of 46?
True
Is 462990 a multiple of 610?
True
Is 49 a factor of 230532?
False
Does 56 divide 260120?
True
Is 330922 a multiple of 110?
False
Does 69 divide 16687?
False
Is 67 a factor of 114060?
False
Is 49330 a multiple of 10?
True
Is 32 a factor of 87744?
True
Is 79 a factor of 357238?
True
Is 22 a factor of 238056?
False
Does 303 divide 1948600?
False
Does 9 divide 24987?
False
Is 3479901 a multiple of 9?
False
Does 14 divide 6434638?
True
Is 25 a factor of 236425?
True
Is 174378 a multiple of 15?
False
Does 27 divide 701982?
False
Does 53 divide 1367840?
False
Is 83 a factor of 744012?
True
Is 3277 a multiple of 16?
False
Does 12 divide 13990?
False
Does 196 divide 156996?
True
Is 100 a factor of 40400?
True
Is 130 a factor of 5391119?
False
Is 13 a factor of 67104?
False
Does 45 divide 89325?
True
Is 1186749 a multiple of 8?
False
Does 49 divide 812224?
True
Does 10 divide 632980?
True
Is 12032394 a multiple of 9?
False
Is 1120364 a multiple of 49?
False
Is 67 a factor of 196846?
True
Does 16 divide 4779440?
True
Is 14 a factor of 605892?
True
Is 7 a factor of 797526?
False
Is 1380272 a multiple of 8?
True
Does 188 divide 3332676?
True
Is 589105 a multiple of 9?
False
Is 186520 a multiple of 275?
False
Is 11 a factor of 11166844?
False
Is 1146 a factor of 8324544?
True
Is 1240596 a multiple of 27?
True
Is 673152 a multiple of 6?
True
Is 21 a factor of 2814?
True
Is 1657286 a multiple of 3?
False
Is 12249516 a multiple of 37?
True
Does 277 divide 4054726?
True
Is 4554696 a multiple of 303?
True
Is 35 a factor of 27195?
True
Does 209 divide 10443312?
True
Is 47989 a multiple of 9?
False
Is 82396 a multiple of 29?
False
Is 317275 a multiple of 115?
False
Is 1374692 a multiple of 2?
True
Does 35 divide 64177?
False
Does 269 divide 2792489?
True
Is 36 a factor of 361449?
False
Is 7785136 a multiple of 76?
True
Is 368764 a multiple of 58?
True
Does 340 divide 7747920?
True
Does 6 divide 77743?
False
Is 7 a factor of 3724?
True
Is 50 a factor of 522050?
True
Is 86 a factor of 145309?
False
Is 126477 a multiple of 117?
True
Is 301320 a multiple of 186?
True
Does 13 divide 72909?
False
Is 93122 a multiple of 101?
True
Is 274 a factor of 335924?
True
Is 52757 a multiple of 3?
False
Does 76 divide 16760434?
False
Is 21 a factor of 626?
False
Does 39 divide 166140?
True
Is 8 a factor of 98692?
False
Is 22 a factor of 43912?
True
I